{"id":103,"date":"2025-09-25T13:53:35","date_gmt":"2025-09-25T11:53:35","guid":{"rendered":"https:\/\/derechoromano.umh.es\/?page_id=103"},"modified":"2026-04-22T20:30:08","modified_gmt":"2026-04-22T18:30:08","slug":"jornadas-internacionales-la-tradicion-romanistica-en-la-sociedad-europea-digitalizada","status":"publish","type":"page","link":"https:\/\/derechoromano.umh.es\/en\/actividades\/jornadas-internacionales-la-tradicion-romanistica-en-la-sociedad-europea-digitalizada\/","title":{"rendered":"<span lang=\"es\">(Espa\u00f1ol) JORNADAS INTERNACIONALES &#8220;LA TRADICI\u00d3N JUR\u00cdDICA EN LA SOCIEDAD EUROPEA DIGITALIZADA&#8221;<\/span>"},"content":{"rendered":"<p class=\"qtranxs-available-languages-message qtranxs-available-languages-message-en\">Sorry, this entry is only available in <a href=\"https:\/\/derechoromano.umh.es\/es\/wp-json\/wp\/v2\/pages\/103\" class=\"qtranxs-available-language-link qtranxs-available-language-link-es\" title=\"Espa\u00f1ol\">European Spanish<\/a>.<\/p>","protected":false},"excerpt":{"rendered":"<p>Sorry, this entry is only available in European Spanish.<\/p>\n","protected":false},"author":195,"featured_media":0,"parent":14,"menu_order":10,"comment_status":"closed","ping_status":"closed","template":"","meta":{"_links_to":"","_links_to_target":""},"_links":{"self":[{"href":"https:\/\/derechoromano.umh.es\/en\/wp-json\/wp\/v2\/pages\/103"}],"collection":[{"href":"https:\/\/derechoromano.umh.es\/en\/wp-json\/wp\/v2\/pages"}],"about":[{"href":"https:\/\/derechoromano.umh.es\/en\/wp-json\/wp\/v2\/types\/page"}],"author":[{"embeddable":true,"href":"https:\/\/derechoromano.umh.es\/en\/wp-json\/wp\/v2\/users\/195"}],"replies":[{"embeddable":true,"href":"https:\/\/derechoromano.umh.es\/en\/wp-json\/wp\/v2\/comments?post=103"}],"version-history":[{"count":0,"href":"https:\/\/derechoromano.umh.es\/en\/wp-json\/wp\/v2\/pages\/103\/revisions"}],"up":[{"embeddable":true,"href":"https:\/\/derechoromano.umh.es\/en\/wp-json\/wp\/v2\/pages\/14"}],"wp:attachment":[{"href":"https:\/\/derechoromano.umh.es\/en\/wp-json\/wp\/v2\/media?parent=103"}],"curies":[{"name":"wp","href":"https:\/\/api.w.org\/{rel}","templated":true}]}}

<span lang="es">(Español) JORNADAS INTERNACIONALES &#8220;LA TRADICIÓN JURÍDICA EN LA SOCIEDAD EUROPEA DIGITALIZADA&#8221;</span>

<p class="qtranxs-available-languages-message qtranxs-available-languages-message-en">Sorry, this entry is only available in <a href="https://derechoromano.umh.es/es/wp-json/wp/v2/pages/103" class="qtranxs-available-language-link qtranxs-available-language-link-es" title="Español">European Spanish</a>.</p>
