{"id":18,"date":"2023-04-29T08:47:22","date_gmt":"2023-04-29T06:47:22","guid":{"rendered":"http:\/\/derechoromano.umh.es\/actividades\/charlas-conferencias\/"},"modified":"2026-01-24T17:34:08","modified_gmt":"2026-01-24T16:34:08","slug":"charlas-conferencias","status":"publish","type":"page","link":"https:\/\/derechoromano.umh.es\/ca\/actividades\/charlas-conferencias\/","title":{"rendered":"<span lang=\"es\">(Espa\u00f1ol) Seminarios-Charlas-Conferencias<\/span>"},"content":{"rendered":"<p>Taula redona \u201cEntorn del Dret Civil Valenci\u00e0\u201d. Pon\u00e8ncia titulada \u201cInflu\u00e8ncia del Dret Rom\u00e0 en el Dret Hist\u00f2ric Valenci\u00e0\u201d. INSTITUCI\u00d3: Observatori de Dret Hist\u00f2ric Valenci\u00e0. Universitat Miguel Hern\u00e1ndez. Elx i Orihuela.<br \/>\nPon\u00e8ncia: R\u00e8gim successori del *nasciturus en Dret Rom\u00e0 i la seua recepci\u00f3 en Dret actual. Jornades sobre Fonaments del Dret Europeu. Universitat d&#8217;Alacant.<br \/>\nPon\u00e8ncia: Les leg\u00edtimes en els furs de Val\u00e8ncia. Jornades sobre el Dret Hist\u00f2ric Valenci\u00e0: Fam\u00edlia i successions. Universitat d&#8217;Alacant.<br \/>\nPon\u00e8ncia: Drets successoris del p\u00f2stum: dret rom\u00e0 i dret comparat. II Jornades sobre Fonaments del Dret Europeu. Universitat d&#8217;Alacant.<br \/>\nConfer\u00e8ncia: La *cognitio *sulle *libertates *fideicommissae. *Universit\u00e0 *di *Bologna. *Facult\u00e0 *di *Giurisprudenza.<br \/>\nConfer\u00e8ncia: *Interpretazione del *fr. 7 2 de *distr. *Pign. 20, 5. *Universit\u00e0 *di *Bologna. *Facult\u00e0 *di *Giurisprudenza.<br \/>\nConfer\u00e8ncia: *Sulla *capacit\u00e0 del *filiusfamilias *di *stare *in *giudizio. *Universit\u00e0 *di *Bologna. *Facult\u00e0 *di *Giurisprudenza.<br \/>\nConfer\u00e8ncia: *Il problema *delle *fondazioni *in *diritto rom\u00e0. *Universit\u00e0 *di *Bologna. *Facult\u00e0 *di *Giurisprudenza.<br \/>\nConfer\u00e8ncia: *Sulla *garanzia *patrimoniale *richiesta *ai *Senatori *romani durant la *repubblica. *Universit\u00e0 *di *Bologna. *Facult\u00e0 *di *Giurisprudenza.<br \/>\nConfer\u00e8ncia: Evoluci\u00f3 pol\u00edtica de les Institucions en la constituci\u00f3 de la res publica romana.<br \/>\nConfer\u00e8ncia: *Ius *civile, *ius *gentium, *ius *honorarium. *Il problema *delle *recezione *dei *iudicia *bona *fidei. *Universit\u00e0 *di *Bologna. *Facult\u00e0 *di *Giurisprudenza.<br \/>\nPon\u00e8ncia: Les legitimes en el Dret Rom\u00e0 i en els *Furs de Val\u00e8ncia. II Jornades sobre Dret Foral Valenci\u00e0. Universitat d&#8217;Alacant.<br \/>\nPon\u00e8ncia: Influ\u00e8ncia del Dret Rom\u00e0 en el Dret Hist\u00f2ric Valenci\u00e0. Seminari Vig\u00e8ncia i repercussions del Dret civil Valenci\u00e0. UMH.<br \/>\nConferencia Evoluci\u00f3 pol\u00edtica de les Institucions en la constituci\u00f3 de la *respublica romana. Curse Cinema i Dret en 13 pel\u00b7l\u00edcules. UMH.<br \/>\nPon\u00e8ncia: La recepci\u00f3 del Dret Com\u00fa en les Partides, en els furs de Val\u00e8ncia i la seua incid\u00e8ncia en el dret valenci\u00e0. Jornades sobre Fonaments del Dret europeu.<br \/>\nCurse \u201cEl dret i la just\u00edcia\u201d. Primer Aules Universit\u00e0ries de l&#8217;Experi\u00e8ncia.<br \/>\nConfer\u00e8ncia: Evoluci\u00f3 pol\u00edtica de les Institucions en la constituci\u00f3 de la res publica romana.<br \/>\nProblema *di *Datazioni e *di *identificazione *delle *quinquaquinta decisions.*Facult\u00e1 de *Giurisprudenza de *Bologna.<br \/>\nEl Delicte *di *furto *nelle *quinoquaquinta decisions. *Facult\u00e1 de *Giurisprudenzade *Bologna.<br \/>\nEl Delicte *di *furto *nelle *quinquaguinta decisions. *Facult\u00e1 de *Giurisprudenzade *Modena.<br \/>\nActualitat dels Estudis *Romanisticos. Aproximaci\u00f3 als processos *derecepci\u00f3n del Dret Privat *Facult\u00e1 de *Giurisprudenza de *Bologna.<br \/>\nLa *Codificazione Europa *Facult\u00e1 de *Giurisprudenza de *Bologna.<br \/>\n*Il *diritto *Comune *in *Spagna *Facult\u00e1 de *Giurisprudenza de *Bologna.<br \/>\n*Il *furtum *manifestum, *Facult\u00e1 de *Giurisprudenza de *Bologna.<\/p>","protected":false},"excerpt":{"rendered":"<p>Taula redona \u201cEntorn del Dret Civil Valenci\u00e0\u201d. Pon\u00e8ncia titulada \u201cInflu\u00e8ncia del Dret Rom\u00e0 en el Dret Hist\u00f2ric Valenci\u00e0\u201d. INSTITUCI\u00d3: Observatori de Dret Hist\u00f2ric Valenci\u00e0. Universitat Miguel Hern\u00e1ndez. Elx i Orihuela.<br \/>\nPon\u00e8ncia: R\u00e8gim successori del *nasciturus en Dret Rom\u00e0 i la seua recepci\u00f3 en Dret actual. Jornades sobre Fonaments del Dret Europeu. Universitat d&#8217;Alacant.<br \/>\nPon\u00e8ncia: Les leg\u00edtimes en [&#8230;]<\/p>\n","protected":false},"author":2793,"featured_media":0,"parent":14,"menu_order":30,"comment_status":"closed","ping_status":"open","template":"","meta":{"_links_to":"","_links_to_target":""},"_links":{"self":[{"href":"https:\/\/derechoromano.umh.es\/ca\/wp-json\/wp\/v2\/pages\/18"}],"collection":[{"href":"https:\/\/derechoromano.umh.es\/ca\/wp-json\/wp\/v2\/pages"}],"about":[{"href":"https:\/\/derechoromano.umh.es\/ca\/wp-json\/wp\/v2\/types\/page"}],"author":[{"embeddable":true,"href":"https:\/\/derechoromano.umh.es\/ca\/wp-json\/wp\/v2\/users\/2793"}],"replies":[{"embeddable":true,"href":"https:\/\/derechoromano.umh.es\/ca\/wp-json\/wp\/v2\/comments?post=18"}],"version-history":[{"count":0,"href":"https:\/\/derechoromano.umh.es\/ca\/wp-json\/wp\/v2\/pages\/18\/revisions"}],"up":[{"embeddable":true,"href":"https:\/\/derechoromano.umh.es\/ca\/wp-json\/wp\/v2\/pages\/14"}],"wp:attachment":[{"href":"https:\/\/derechoromano.umh.es\/ca\/wp-json\/wp\/v2\/media?parent=18"}],"curies":[{"name":"wp","href":"https:\/\/api.w.org\/{rel}","templated":true}]}}

<span lang="es">(Español) Seminarios-Charlas-Conferencias</span>

<p>Taula redona “Entorn del Dret Civil Valencià”. Ponència titulada “Influència del Dret Romà en el Dret Històric Valencià”. INSTITUCIÓ: Observatori de Dret Històric Valencià. Universitat Miguel Hernández. Elx i Orihuela.<br />
Ponència: Règim successori del *nasciturus en Dret Romà i la seua recepció en Dret actual. Jornades sobre Fonaments del Dret Europeu. Universitat d&#8217;Alacant.<br />
Ponència: Les legítimes en els furs de València. Jornades sobre el Dret Històric Valencià: Família i successions. Universitat d&#8217;Alacant.<br />
Ponència: Drets successoris del pòstum: dret romà i dret comparat. II Jornades sobre Fonaments del Dret Europeu. Universitat d&#8217;Alacant.<br />
Conferència: La *cognitio *sulle *libertates *fideicommissae. *Università *di *Bologna. *Facultà *di *Giurisprudenza.<br />
Conferència: *Interpretazione del *fr. 7 2 de *distr. *Pign. 20, 5. *Università *di *Bologna. *Facultà *di *Giurisprudenza.<br />
Conferència: *Sulla *capacità del *filiusfamilias *di *stare *in *giudizio. *Università *di *Bologna. *Facultà *di *Giurisprudenza.<br />
Conferència: *Il problema *delle *fondazioni *in *diritto romà. *Università *di *Bologna. *Facultà *di *Giurisprudenza.<br />
Conferència: *Sulla *garanzia *patrimoniale *richiesta *ai *Senatori *romani durant la *repubblica. *Università *di *Bologna. *Facultà *di *Giurisprudenza.<br />
Conferència: Evolució política de les Institucions en la constitució de la res publica romana.<br />
Conferència: *Ius *civile, *ius *gentium, *ius *honorarium. *Il problema *delle *recezione *dei *iudicia *bona *fidei. *Università *di *Bologna. *Facultà *di *Giurisprudenza.<br />
Ponència: Les legitimes en el Dret Romà i en els *Furs de València. II Jornades sobre Dret Foral Valencià. Universitat d&#8217;Alacant.<br />
Ponència: Influència del Dret Romà en el Dret Històric Valencià. Seminari Vigència i repercussions del Dret civil Valencià. UMH.<br />
Conferencia Evolució política de les Institucions en la constitució de la *respublica romana. Curse Cinema i Dret en 13 pel·lícules. UMH.<br />
Ponència: La recepció del Dret Comú en les Partides, en els furs de València i la seua incidència en el dret valencià. Jornades sobre Fonaments del Dret europeu.<br />
Curse “El dret i la justícia”. Primer Aules Universitàries de l&#8217;Experiència.<br />
Conferència: Evolució política de les Institucions en la constitució de la res publica romana.<br />
Problema *di *Datazioni e *di *identificazione *delle *quinquaquinta decisions.*Facultá de *Giurisprudenza de *Bologna.<br />
El Delicte *di *furto *nelle *quinoquaquinta decisions. *Facultá de *Giurisprudenzade *Bologna.<br />
El Delicte *di *furto *nelle *quinquaguinta decisions. *Facultá de *Giurisprudenzade *Modena.<br />
Actualitat dels Estudis *Romanisticos. Aproximació als processos *derecepción del Dret Privat *Facultá de *Giurisprudenza de *Bologna.<br />
La *Codificazione Europa *Facultá de *Giurisprudenza de *Bologna.<br />
*Il *diritto *Comune *in *Spagna *Facultá de *Giurisprudenza de *Bologna.<br />
*Il *furtum *manifestum, *Facultá de *Giurisprudenza de *Bologna.</p>

<p>Taula redona “Entorn del Dret Civil Valencià”. Ponència titulada “Influència del Dret Romà en el Dret Històric Valencià”. INSTITUCIÓ: Observatori de Dret Històric Valencià. Universitat Miguel Hernández. Elx i Orihuela.<br />
Ponència: Règim successori del *nasciturus en Dret Romà i la seua recepció en Dret actual. Jornades sobre Fonaments del Dret Europeu. Universitat d&#8217;Alacant.<br />
Ponència: Les legítimes en [&#8230;]</p>
